
Calculate the greatest common factor of 539 and 22.
11
What is the greatest common divisor of 13 and 1391?
13
What is the greatest common divisor of 132 and 636?
12
Calculate the greatest common divisor of 180 and 80.
20
Calculate the highest common factor of 1650 and 110.
110
What is the highest common factor of 282 and 16262?
94
What is the greatest common factor of 42 and 16?
2
Calculate the greatest common divisor of 1806 and 86.
86
What is the highest common divisor of 208 and 884?
52
Calculate the highest common divisor of 4512 and 96.
96
Calculate the greatest common divisor of 2608 and 8.
8
Calculate the greatest common factor of 636 and 60.
12
Calculate the highest common factor of 2336 and 949.
73
What is the greatest common factor of 2776 and 112?
8
Calculate the highest common divisor of 16 and 6704.
16
What is the greatest common factor of 98 and 49?
49
What is the greatest common factor of 25 and 1725?
25
What is the highest common divisor of 781 and 55?
11
What is the highest common factor of 147 and 147?
147
Calculate the highest common divisor of 3053 and 71.
71
What is the greatest common divisor of 1504 and 2444?
188
What is the highest common factor of 873 and 97?
97
What is the highest common divisor of 678 and 6?
6
Calculate the greatest common factor of 192 and 2.
2
What is the highest common factor of 483 and 84?
21
Calculate the greatest common divisor of 500 and 375.
125
Calculate the greatest common divisor of 1806 and 546.
42
Calculate the highest common divisor of 925 and 333.
37
What is the greatest common divisor of 4 and 4?
4
Calculate the greatest common factor of 374 and 22.
22
What is the greatest common factor of 368 and 23?
23
What is the highest common divisor of 2215 and 5?
5
Calculate the highest common factor of 21 and 50694.
21
What is the greatest common divisor of 1 and 1367?
1
Calculate the greatest common factor of 85 and 272.
17
Calculate the highest common divisor of 1 and 239.
1
What is the greatest common factor of 6 and 6606?
6
What is the greatest common factor of 1472 and 23?
23
What is the greatest common divisor of 340 and 51?
17
What is the highest common factor of 166 and 3071?
83
What is the greatest common divisor of 12 and 588?
12
Calculate the greatest common divisor of 45 and 261.
9
What is the greatest common factor of 10 and 790?
10
What is the highest common divisor of 133 and 7543?
19
Calculate the greatest common factor of 68 and 476.
68
Calculate the highest common factor of 11 and 3443.
11
Calculate the highest common divisor of 686 and 14.
14
Calculate the highest common divisor of 18600 and 900.
300
What is the greatest common divisor of 806 and 208?
26
What is the greatest common factor of 60 and 14420?
20
What is the highest common divisor of 3168 and 1782?
198
Calculate the greatest common factor of 871 and 737.
67
What is the greatest common factor of 2768 and 16?
16
What is the highest common divisor of 77 and 11?
11
What is the greatest common factor of 30 and 70?
10
What is the greatest common divisor of 15 and 30?
15
Calculate the greatest common divisor of 118 and 177.
59
What is the highest common divisor of 748 and 44?
44
Calculate the greatest common factor of 184 and 72.
8
Calculate the highest common divisor of 2077 and 31.
31
What is the greatest common divisor of 1254 and 570?
114
What is the highest common divisor of 146 and 1971?
73
Calculate the greatest common factor of 34 and 153.
17
Calculate the highest common divisor of 700 and 28.
28
What is the greatest common divisor of 352 and 1856?
32
Calculate the highest common divisor of 18 and 5382.
18
Calculate the greatest common divisor of 60 and 1452.
12
What is the greatest common divisor of 5 and 565?
5
What is the highest common divisor of 1128 and 144?
24
Calculate the highest common factor of 54 and 1269.
27
What is the highest common factor of 319 and 22?
11
What is the highest common divisor of 84 and 36?
12
Calculate the greatest common factor of 56 and 5768.
56
What is the greatest common factor of 3143 and 14?
7
What is the greatest common divisor of 30624 and 6?
6
What is the highest common divisor of 189 and 108?
27
What is the greatest common factor of 3145 and 85?
85
What is the highest common factor of 40 and 10?
10
Calculate the greatest common factor of 63 and 7.
7
Calculate the greatest common divisor of 460 and 4.
4
Calculate the highest common divisor of 175 and 44975.
175
Calculate the greatest common factor of 1008 and 3888.
144
What is the greatest common factor of 34 and 102?
34
What is the greatest common factor of 11206 and 52?
26
Calculate the highest common factor of 1698 and 6.
6
What is the highest common divisor of 14 and 50?
2
What is the greatest common divisor of 448 and 256?
64
What is the highest common divisor of 135 and 918?
27
What is the greatest common factor of 28 and 287?
7
Calculate the greatest common factor of 42 and 8.
2
Calculate the greatest common factor of 119 and 51.
17
Calculate the highest common factor of 238 and 294.
14
What is the highest common divisor of 528 and 3982?
22
What is the greatest common divisor of 64 and 24?
8
Calculate the greatest common factor of 6620 and 80.
20
What is the highest common divisor of 3738 and 126?
42
Calculate the greatest common factor of 20 and 980.
20
Calculate the highest common divisor of 348 and 3596.
116
What is the highest common divisor of 171 and 90?
9
Calculate the highest common divisor of 48 and 1536.
48
Calculate the highest common factor of 171 and 3.
3
Calculate the greatest common divisor of 648 and 168.
24
What is the greatest common divisor of 10 and 865?
5
Calculate the greatest common factor of 1079 and 83.
83
What is the greatest common divisor of 25 and 1?
1
Calculate the highest common factor of 2 and 4.
2
Calculate the highest common divisor of 300 and 120.
60
Calculate the highest common factor of 66 and 286.
22
What is the highest common factor of 57 and 3?
3
Calculate the greatest common factor of 31341 and 93.
93
Calculate the highest common factor of 246 and 205.
41
What is the highest common divisor of 319 and 34133?
319
What is the highest common divisor of 156 and 18?
6
Calculate the highest common factor of 18 and 648.
18
Calculate the greatest common divisor of 24 and 164.
4
Calculate the highest common divisor of 390 and 2028.
78
Calculate the greatest common divisor of 5 and 65.
5
Calculate the greatest common factor of 44511 and 111.
111
What is the highest common divisor of 627 and 646?
19
Calculate the highest common factor of 76 and 114.
38
What is the highest common divisor of 88 and 15884?
44
Calculate the greatest common factor of 2 and 278.
2
What is the highest common divisor of 1221 and 66?
33
Calculate the highest common divisor of 40 and 30.
10
What is the highest common factor of 2 and 47?
1
Calculate the highest common divisor of 208 and 32.
16
Calculate the greatest common factor of 39 and 169.
13
What is the greatest common factor of 2272 and 213?
71
Calculate the highest common divisor of 17 and 901.
17
What is the greatest common factor of 1614 and 6?
6
Calculate the greatest common divisor of 209 and 528.
11
What is the greatest common divisor of 33 and 3652?
11
What is the highest common divisor of 11 and 3971?
11
What is the greatest common factor of 1458 and 18?
18
Calculate the greatest common factor of 260 and 7592.
52
Calculate the highest common factor of 208 and 352.
16
Calculate the highest common factor of 1840 and 115.
115
Calculate the highest common factor of 125 and 1175.
25
Calculate the highest common factor of 520 and 40.
40
Calculate the greatest common divisor of 3976 and 448.
56
What is the greatest common divisor of 264 and 120?
24
Calculate the greatest common factor of 182 and 42.
14
What is the greatest common divisor of 630 and 252?
126
What is the greatest common divisor of 67 and 4489?
67
What is the highest common divisor of 13 and 221?
13
What is the greatest common divisor of 29 and 319?
29
What is the highest common divisor of 760 and 4408?
152
What is the greatest common factor of 360 and 100?
20
What is the highest common factor of 15 and 5505?
15
Calculate the highest common divisor of 23 and 575.
23
Calculate the greates